 200020022220 (base 3) in base 11?
225720
Convert 4333442 (base 6) to base 11.
137304
3705a2 (base 11) to base 10
586357
Convert 11400553 (base 6) to base 8.
1273025
Convert -5027543 (base 9) to base 7.
-31513245
What is 4500415 (base 6) in base 5?
24210114
2231102122 (base 5) to base 8
22662160
What is -19dd52 (base 15) in base 9?
-2332865
Convert -15304527 (base 8) to base 14.
-6748bd
What is 322213022 (base 4) in base 10?
240074
45360452 (base 7) to base 2
1111000011101111010101
What is -d615 (base 14) in base 11?
-25776
Convert bc6e1 (base 15) to base 4.
2102032120
-1702598 (base 10) to base 7
-20320562
Convert -1041051 (base 8) to base 16.
-44229
11233321000 (base 4) to base 2
101101111111001000000
What is -220212200011 (base 3) in base 10?
-489649
What is -1010011001011001001101 (base 2) in base 6?
-134225501
What is -11366323 (base 7) in base 16?
-f6271
Convert -880154 (base 10) to base 3.
-1122201100022
What is -1101210201202 (base 3) in base 6?
-23540545
What is 6181544 (base 9) in base 5?
1321120412
What is -ea906 (base 15) in base 14?
-15548b
Convert -122403 (base 10) to base 12.
-5aa03
-10001112203 (base 4) to base 10
-1054115
Convert 24342222 (base 5) to base 14.
60237
-204066 (base 14) to base 8
-4112372
Convert -101111000011110101000 (base 2) to base 7.
-16051535
-514639 (base 11) to base 7
-10010062
What is -10010010001101110 (base 2) in base 5?
-4343422
Convert 242442 (base 9) to base 13.
516b3
Convert -2e840 (base 15) to base 9.
-248226
What is -23030213333 (base 4) in base 10?
-2935295
Convert 2110424 (base 5) to base 13.
12ca1
What is 3b2174 (base 12) in base 16?
eed68
1343232 (base 6) to base 15
17758
-1398c (base 16) to base 12
-3a550
Convert -105022004 (base 6) to base 12.
-784904
Convert 2330134 (base 5) to base 6.
524544
What is 10322300041 (base 5) in base 2?
101010011110010110111100
What is -2466445 (base 9) in base 5?
-320440213
-11100111110101000 (base 2) to base 13
-42046
-91d37 (base 15) to base 4
-1300302121
What is 4a986 (base 12) in base 9?
164353
What is -1233463 (base 7) in base 16?
-26ff8
What is -26ac9d (base 14) in base 13?
-37a1a0
1110000011110111001 (base 2) to base 5
104220404
Convert 1300221012 (base 5) to base 9.
5804142
Convert -117042 (base 9) to base 3.
-10121001102
Convert -29538 (base 16) to base 5.
-20404042
What is -b6786 (base 16) in base 13?
-202262
Convert -44293a7 (base 12) to base 11.
-73777a6
-11626 (base 11) to base 15
-4e51
What is -54410102 (base 6) in base 13?
-448a48
-300413 (base 9) to base 3
-100000110110
-20b796 (base 12) to base 13
-1518b4
Convert -56450640 (base 7) to base 11.
-2849902
-3765426 (base 9) to base 2
-111110100101111010001
-30203330 (base 4) to base 12
-25938
What is 4407052 (base 10) in base 14?
82a0d6
Convert -14a13 (base 15) to base 6.
-1231213
What is d2eb (base 16) in base 14?
1596b
4986c3 (base 16) to base 14
8d60b9
Convert -3010103222 (base 4) to base 6.
-25122322
-1202224 (base 6) to base 8
-172410
What is -122321231330 (base 4) in base 13?
-15cbb97
What is 393998 (base 13) in base 7?
14502614
What is 3372145 (base 8) in base 5?
213231113
208c9 (base 14) to base 7
445042
-1452223 (base 7) to base 5
-22311213
11100111000000000001 (base 2) to base 4
3213000001
-3c3bce (base 15) to base 16
-2c39f3
159019 (base 10) to base 8
466453
What is -11100011001110111100111 (base 2) in base 13?
-1709217
Convert -602165 (base 8) to base 5.
-22311444
16cca (base 15) to base 7
425026
What is 97a90 (base 12) in base 3?
101011201100
What is 44030 (base 6) in base 16?
17b2
-11101111101 (base 3) to base 5
-10231013
-172125 (base 9) to base 15
-21878
-111202110021 (base 3) to base 7
-2205322
Convert -34100 (base 15) to base 10.
-165600
Convert 10022220021102 (base 3) to base 11.
aa9491
-130013 (base 10) to base 5
-13130023
Convert -11111010100011111 (base 2) to base 10.
-128287
-2619 (base 11) to base 2
-110101010000
Convert -10433251 (base 6) to base 12.
-132827
What is 141213 (base 6) in base 5?
411012
Convert 3030013232 (base 4) to base 10.
836078
112033233 (base 4) to base 10
91119
What is -47dd18 (base 14) in base 9?
-4556321
Convert -5f0f5e (base 16) to base 2.
-10111110000111101011110
-a3221 (base 12) to base 7
-1544401
-ba8940 (base 14) to base 16
-607f1c
Convert 13032401 (base 5) to base 15.
27a6b
Convert 1626416 (base 8) to base 13.
13609b
Convert -213022301 (base 4) to base 13.
-58040
What is 1112211020 (base 3) in base 14?
b17b
Convert 113203111331 (base 4) to base 7.
103323140
-132113223 (base 4) to base 9
-208566
What is -138246 (base 13) in base 3?
-220010111200
Convert 43861 (base 9) to base 7.
150640
Convert -1002220201210 (base 3) to base 9.
-1086653
1403445 (base 8) to base 10
395045
What is 784564 (base 10) in base 4?
2333202310
-2166942 (base 10) to base 16
-21109e
What is -401551 (base 7) in base 2?
-10000100100001100
Convert -1266b (base 12) to base 6.
-312215
2021022110 (base 3) to base 12
21a49
Convert -347c5 (base 16) to base 13.
-76b10
Convert -e1156 (base 16) to base 8.
-3410526
What is caa402 (base 13) in base 11?
2764104
What is -2112210120 (base 3) in base 9?
-75716
-7aa199 (base 14) to base 5
-2032123244
Convert 1307441 (base 8) to base 15.
72e31
a8e0 (base 16) to base 10
43232
What is -321782 (base 12) in base 13?
-218c3c
18294e (base 16) to base 12
644412
What is 43505 (base 6) in base 5?
143032
Convert d3db5 (base 14) to base 7.
4223615
Convert a11ab (base 14) to base 9.
650178
-30345100 (base 7) to base 14
-49cc70
What is -14593 (base 12) in base 2?
-110111100111111
What is 100110010000000001 (base 2) in base 11?
a7790
What is -24451154 (base 6) in base 5?
-200044431
25522131 (base 7) to base 16
2379bd
What is -324e91 (base 16) in base 7?
-40010664
-50510 (base 10) to base 15
-ee75
What is -10210220011002 (base 3) in base 2?
-111101110011100111000
332534033 (base 6) to base 5
3014444441
Convert 1622786 (base 10) to base 9.
3043035
Convert -35102135 (base 7) to base 3.
-12210022002022
-3658ab (base 12) to base 4
-3113003003
-203341 (base 7) to base 12
-18197
Convert 238344 (base 9) to base 16.
23218
What is -840274 (base 10) in base 5?
-203342044
-2075006 (base 8) to base 6
-15523514
Convert 96ba2 (base 16) to base 3.
1011100212212
Convert -7600206 (base 8) to base 14.
-3ac610
What is 100101100011000101 (base 2) in base 13?
55007
Convert -2320332 (base 4) to base 12.
-6a26
-118b4e (base 16) to base 11
-71592a
-2373635 (base 11) to base 12
-14740bb
What is 11010101110100101110 (base 2) in base 4?
3111310232
Convert -2b667 (base 12) to base 4.
-32333233
Convert 459852 (base 15) to base 2.
1100101011001111111101
What is 8aa619 (base 15) in base 6?
353451210
What is 2332506 (base 8) in base 6?
21345302
What is 101111001110100000111 (base 2) in base 14?
2c3d79
20426350 (base 8) to base 12
1551920
3a60880 (base 11) to base 4
122300123033
Convert 12343444204 (base 5) to base 4.
322003133313
-120740 (base 10) to base 12
-59a58
What is 1960430 (base 10) in base 6?
110004022
What is 33703 (base 12) in base 4?
100230303
-64040540 (base 7) to base 13
-117aa33
23135 (base 14) to base 13
2caa1
22211302121 (base 4) to base 13
762842
Convert 5957b7 (base 14) to base 9.
5657868
Convert -1010010100111100 (base 2) to base 13.
-1633b
Convert 123310023 (base 4) to base 14.
2d73d
Convert -20122333 (base 5) to base 8.
-472310
Convert -8094275 (base 10) to base 7.
-125541320
What is -18b31 (base 15) in base 2?
-10011100100010010
Convert -230bb44 (base 13) to base 8.
-51131153
ff16f (base 16) to base 10
1044847
What is -110102310 (base 4) in base 2?
-10100010010110100
What is -321045 (base 15) in base 9?
-4431542
Convert -562ca (base 14) to base 4.
-303003122
What is 45257 (base 11) in base 10?
65523
What is -10011410 (base 5) in base 15?
-18605
What is -58a848 (base 11) in base 5?
-214433323
Convert 2a34b (base 15) to base 10.
135746
What is 1001011111100010 (base 2) in base 12?
1a602
Convert -523838 (base 16) to base 9.
-11122368
What is 2404523 (base 6) in base 3?
20101010020
What is 128924 (base 10) in base 7?
1044605
What is 1172c3 (base 14) in base 13?
17b390
What is 53512434 (base 6) in base 13?
43447c
Convert 14173465 (base 8) to base 4.
30033130311
857683 (base 13) to base 11
1848396
1212002010 (base 3) to base 4
20322123
Convert 2711ca (base 14) to base 